{"id":11,"date":"2020-02-22T18:18:45","date_gmt":"2020-02-22T18:18:45","guid":{"rendered":"http:\/\/lederer-ingenieure.com\/?page_id=11"},"modified":"2020-02-24T20:25:56","modified_gmt":"2020-02-24T20:25:56","slug":"gutachten","status":"publish","type":"page","link":"https:\/\/lederer-ingenieure.de\/?page_id=11","title":{"rendered":"Gutachten"},"content":{"rendered":"<p>Als freie Sachverst\u00e4ndige f\u00fcr das Bauwesen erstellen wir f\u00fcr Sie Privatgutachten bei Bauwerkssch\u00e4den und Feststellung von Baum\u00e4ngeln.<\/p>\n<p>Wir ermitteln Traglastreserven bei Umbau \u2013 und Erweiterungsma\u00dfnahmen und helfen bei der Wertermittlung von Immobilien.<\/p>\n<p><span style=\"color: #ffc000;\"><em><strong>Wir beraten Sie bei fachlichen Fragen:<\/strong><\/em><\/span><\/p>\n<ul>\n<li>Schadensf\u00e4lle<\/li>\n<li>Wertgutachten<\/li>\n<li>Baum\u00e4ngel<\/li>\n<\/ul>\n","protected":false},"excerpt":{"rendered":"<p>Als freie Sachverst\u00e4ndige f\u00fcr das Bauwesen erstellen wir f\u00fcr Sie Privatgutachten bei Bauwerkssch\u00e4den und Feststellung von Baum\u00e4ngeln. Wir ermitteln Traglastreserven bei Umbau \u2013 und<\/p>\n","protected":false},"author":1,"featured_media":0,"parent":0,"menu_order":0,"comment_status":"closed","ping_status":"closed","template":"","meta":{"ngg_post_thumbnail":0,"footnotes":""},"class_list":["post-11","page","type-page","status-publish","hentry"],"_links":{"self":[{"href":"https:\/\/lederer-ingenieure.de\/index.php?rest_route=\/wp\/v2\/pages\/11","targetHints":{"allow":["GET"]}}],"collection":[{"href":"https:\/\/lederer-ingenieure.de\/index.php?rest_route=\/wp\/v2\/pages"}],"about":[{"href":"https:\/\/lederer-ingenieure.de\/index.php?rest_route=\/wp\/v2\/types\/page"}],"author":[{"embeddable":true,"href":"https:\/\/lederer-ingenieure.de\/index.php?rest_route=\/wp\/v2\/users\/1"}],"replies":[{"embeddable":true,"href":"https:\/\/lederer-ingenieure.de\/index.php?rest_route=%2Fwp%2Fv2%2Fcomments&post=11"}],"version-history":[{"count":5,"href":"https:\/\/lederer-ingenieure.de\/index.php?rest_route=\/wp\/v2\/pages\/11\/revisions"}],"predecessor-version":[{"id":353,"href":"https:\/\/lederer-ingenieure.de\/index.php?rest_route=\/wp\/v2\/pages\/11\/revisions\/353"}],"wp:attachment":[{"href":"https:\/\/lederer-ingenieure.de\/index.php?rest_route=%2Fwp%2Fv2%2Fmedia&parent=11"}],"curies":[{"name":"wp","href":"https:\/\/api.w.org\/{rel}","templated":true}]}}