{"id":14,"date":"2020-02-22T18:18:45","date_gmt":"2020-02-22T18:18:45","guid":{"rendered":"http:\/\/lederer-ingenieure.com\/?page_id=14"},"modified":"2025-12-21T18:37:27","modified_gmt":"2025-12-21T18:37:27","slug":"aktuelles","status":"publish","type":"page","link":"https:\/\/lederer-ingenieure.de\/","title":{"rendered":"Start"},"content":{"rendered":"<h3>&nbsp;<\/h3>\n<h1 style=\"text-align: center;\"><strong>Willkommen bei Lederer Ingenieure<\/strong><\/h1>\n<h1><strong><img loading=\"lazy\" decoding=\"async\" class=\"size-medium wp-image-32 aligncenter\" src=\"https:\/\/lederer-ingenieure.de\/wp-content\/uploads\/2020\/02\/cropped-Lederer_Logo-300x300.jpg\" alt=\"\" width=\"300\" height=\"300\" srcset=\"https:\/\/lederer-ingenieure.de\/wp-content\/uploads\/2020\/02\/cropped-Lederer_Logo-300x300.jpg 300w, https:\/\/lederer-ingenieure.de\/wp-content\/uploads\/2020\/02\/cropped-Lederer_Logo-150x150.jpg 150w, https:\/\/lederer-ingenieure.de\/wp-content\/uploads\/2020\/02\/cropped-Lederer_Logo.jpg 323w\" sizes=\"auto, (max-width: 300px) 100vw, 300px\" \/><\/strong><\/h1>\n<h3>&nbsp;<\/h3>\n<h4 style=\"text-align: center;\">Als Ingenieurb\u00fcro bieten wir Ihnen umfassende Leistungen in den Bereichen Tragwerksplanung, Baustatik und Bauphysik. Wir sind \u00fcberwiegend in Rheinland-Pfalz und im Saarland sowie in den Metropolregionen Rhein-Neckar und Rhein-Main t\u00e4tig.<\/h4>\n","protected":false},"excerpt":{"rendered":"<p>&nbsp; Willkommen bei Lederer Ingenieure &nbsp; Als Ingenieurb\u00fcro bieten wir Ihnen umfassende Leistungen in den Bereichen Tragwerksplanung, Baustatik und Bauphysik. Wir sind \u00fcberwiegend in<\/p>\n","protected":false},"author":1,"featured_media":0,"parent":0,"menu_order":0,"comment_status":"closed","ping_status":"closed","template":"","meta":{"ngg_post_thumbnail":0,"footnotes":""},"class_list":["post-14","page","type-page","status-publish","hentry"],"_links":{"self":[{"href":"https:\/\/lederer-ingenieure.de\/index.php?rest_route=\/wp\/v2\/pages\/14","targetHints":{"allow":["GET"]}}],"collection":[{"href":"https:\/\/lederer-ingenieure.de\/index.php?rest_route=\/wp\/v2\/pages"}],"about":[{"href":"https:\/\/lederer-ingenieure.de\/index.php?rest_route=\/wp\/v2\/types\/page"}],"author":[{"embeddable":true,"href":"https:\/\/lederer-ingenieure.de\/index.php?rest_route=\/wp\/v2\/users\/1"}],"replies":[{"embeddable":true,"href":"https:\/\/lederer-ingenieure.de\/index.php?rest_route=%2Fwp%2Fv2%2Fcomments&post=14"}],"version-history":[{"count":44,"href":"https:\/\/lederer-ingenieure.de\/index.php?rest_route=\/wp\/v2\/pages\/14\/revisions"}],"predecessor-version":[{"id":2126,"href":"https:\/\/lederer-ingenieure.de\/index.php?rest_route=\/wp\/v2\/pages\/14\/revisions\/2126"}],"wp:attachment":[{"href":"https:\/\/lederer-ingenieure.de\/index.php?rest_route=%2Fwp%2Fv2%2Fmedia&parent=14"}],"curies":[{"name":"wp","href":"https:\/\/api.w.org\/{rel}","templated":true}]}}