{"id":7,"date":"2020-02-22T18:18:45","date_gmt":"2020-02-22T18:18:45","guid":{"rendered":"http:\/\/lederer-ingenieure.com\/?page_id=7"},"modified":"2024-03-13T09:13:06","modified_gmt":"2024-03-13T09:13:06","slug":"ueber-uns","status":"publish","type":"page","link":"https:\/\/lederer-ingenieure.de\/?page_id=7","title":{"rendered":"\u00dcber uns"},"content":{"rendered":"<p><strong>TEAM<\/strong><\/p>\n<p>Wir sind ein Ingenieurb\u00fcro f\u00fcr Tragwerksplanung mit Sitz in Heltersberg, mitten im Pf\u00e4lzer Wald gelegen. Gerne stehen wir Ihnen f\u00fcr Ihr Bauvorhaben zur Verf\u00fcgung. Dabei liegen uns eine wirtschaftliche und nachhaltige Realisierung, die Qualit\u00e4t der Planunterlagen, kurze Wege und damit die Zufriedenheit unserer Auftraggeber sehr am Herzen.<\/p>\n<p>&nbsp;<\/p>\n<p><img loading=\"lazy\" decoding=\"async\" class=\"wp-image-409 alignleft\" src=\"http:\/\/lederer-ingenieure.com\/wp-content\/uploads\/2020\/02\/Frank-1.jpg\" alt=\"\" width=\"151\" height=\"199\" srcset=\"https:\/\/lederer-ingenieure.de\/wp-content\/uploads\/2020\/02\/Frank-1.jpg 544w, https:\/\/lederer-ingenieure.de\/wp-content\/uploads\/2020\/02\/Frank-1-228x300.jpg 228w\" sizes=\"auto, (max-width: 151px) 100vw, 151px\" \/><\/p>\n<p style=\"padding-left: 200px;\"><strong>Dipl.-Ing. Frank Lederer<\/strong>, verheiratet und Vater von zwei Kindern, kann mittlerweile<br \/>\nauf \u00fcber 30 Jahre Berufserfahrung zur\u00fcckgreifen.<\/p>\n<p style=\"padding-left: 200px;\">W\u00e4hrend seiner T\u00e4tigkeit in verschiedenen Tragwerkplanungsb\u00fcros hat er die<br \/>\nunterschiedlichsten Problemstellungen und L\u00f6sungsans\u00e4tze kennen gelernt.<\/p>\n<p style=\"padding-left: 200px;\">H\u00f6chsten Wert legt Frank Lederer auf die eigene Aus- und Weiterbildung und<br \/>\ndie seiner Teamkollegen.<\/p>\n<p style=\"padding-left: 200px;\">Dieser Anspruch auf besonders hochwertige Arbeit spiegelt sich auch im<br \/>\nmodernen Arbeitsumfeld seines Planungsb\u00fcros.<\/p>\n<ul>\n<li style=\"list-style-type: none;\">\n<ul>\n<li style=\"list-style-type: none;\">\n<ul>\n<li style=\"list-style-type: none;\">\n<ul>\n<li style=\"list-style-type: none;\">\n<ul>\n<li style=\"list-style-type: none;\">\n<ul>\n<li style=\"list-style-type: none;\">\n<ul>\n<li style=\"list-style-type: none;\">\n<ul>\n<li style=\"list-style-type: none;\">\n<ul>\n<li style=\"list-style-type: none;\">\n<ul>\n<li style=\"list-style-type: none;\">\n<ul>\n<li style=\"list-style-type: none;\">\n<ul>\n<li style=\"list-style-type: none;\">\n<ul>\n<li>geb. 25. Mai 1967 in Kandel<\/li>\n<li>1987 \u2013 1993 Studium an der Universit\u00e4t Karlsruhe mit Schwerpunkt<br \/>\nkonstruktiver Ingenieurbau, Abschluss als Diplom-Bauingenieur<\/li>\n<li>1994 \u2013 1999 Tragwerksplaner, AIP Ingenieurgesellschaft mbH<\/li>\n<li>1999 \u2013 2000 Tragwerksplaner, Ingenieurgruppe Bauen, u.a. Pr\u00fcfung<br \/>\nvon Hochbauten<\/li>\n<li>2000 \u2013 2007 Tragwerksplaner, Voss+Kamb und Partner GmbH, Handlungsbevollm\u00e4chtigter, Aufbau einer Massivbauabteilung<\/li>\n<li>2007 \u2013 2008 Tragwerksplaner, WZ-Ingenieure<\/li>\n<li>2008 Gr\u00fcndung Lederer Ingenieure, Heltersberg<\/li>\n<li>seit 2011 Mitglied der Ingenieurkammer Rheinland-Pfalz<\/li>\n<\/ul>\n<\/li>\n<\/ul>\n<\/li>\n<\/ul>\n<\/li>\n<\/ul>\n<\/li>\n<\/ul>\n<\/li>\n<\/ul>\n<\/li>\n<\/ul>\n<\/li>\n<\/ul>\n<\/li>\n<\/ul>\n<\/li>\n<\/ul>\n<\/li>\n<\/ul>\n<\/li>\n<\/ul>\n<\/li>\n<\/ul>\n<p><strong><img loading=\"lazy\" decoding=\"async\" class=\" wp-image-1863 alignleft\" src=\"https:\/\/lederer-ingenieure.de\/wp-content\/uploads\/2020\/08\/Silvia-Burkard-Bastian-200x300.jpg\" alt=\"\" width=\"153\" height=\"230\" srcset=\"https:\/\/lederer-ingenieure.de\/wp-content\/uploads\/2020\/08\/Silvia-Burkard-Bastian-200x300.jpg 200w, https:\/\/lederer-ingenieure.de\/wp-content\/uploads\/2020\/08\/Silvia-Burkard-Bastian-682x1024.jpg 682w, https:\/\/lederer-ingenieure.de\/wp-content\/uploads\/2020\/08\/Silvia-Burkard-Bastian-768x1153.jpg 768w, https:\/\/lederer-ingenieure.de\/wp-content\/uploads\/2020\/08\/Silvia-Burkard-Bastian-1024x1536.jpg 1024w, https:\/\/lederer-ingenieure.de\/wp-content\/uploads\/2020\/08\/Silvia-Burkard-Bastian-1365x2048.jpg 1365w, https:\/\/lederer-ingenieure.de\/wp-content\/uploads\/2020\/08\/Silvia-Burkard-Bastian.jpg 1476w\" sizes=\"auto, (max-width: 153px) 100vw, 153px\" \/> <\/strong><\/p>\n<p style=\"padding-left: 160px; text-align: left;\"><strong>&nbsp;&nbsp;&nbsp;&nbsp;&nbsp;&nbsp;&nbsp; Silvia Burkhard-Bastian<\/strong>, Bauzeichnerin mit langj\u00e4hriger Berufserfahrung,<br \/>\n&nbsp;&nbsp;&nbsp;&nbsp;&nbsp;&nbsp;&nbsp; erstellt in unserem B\u00fcro Schal- und Bewehrungspl\u00e4ne,<br \/>\n&nbsp; &nbsp;&nbsp;&nbsp; &nbsp; Holz -und Stahlbau\u00fcbersichten und ist kompetente Ansprechpartnerin bei<br \/>\n&nbsp;&nbsp;&nbsp;&nbsp;&nbsp;&nbsp;&nbsp; technischen Fragen zu Konstruktion und Ausf\u00fchrung.<\/p>\n<p>&nbsp;&nbsp;&nbsp; &nbsp; &nbsp; Frau Burkhard-Bastian steht seit 2011 unserem B\u00fcro tatkr\u00e4ftig zur Seite.<\/p>\n<p>&nbsp;<\/p>\n<p>&nbsp;<\/p>\n<p>&nbsp;<\/p>\n<p>&nbsp;<\/p>\n<p><strong><img loading=\"lazy\" decoding=\"async\" class=\" wp-image-1863 alignleft\" src=\"https:\/\/lederer-ingenieure.de\/wp-content\/uploads\/2021\/02\/Benedikt-240x300.jpg\" alt=\"\" width=\"153\" height=\"191\"><\/strong><\/p>\n<p style=\"padding-left: 160px; text-align: left;\"><strong>&nbsp;&nbsp;&nbsp;&nbsp;&nbsp;&nbsp;&nbsp; B.Sc. Benedikt Sposny<\/strong>, Bachelor of Science und Werksstudent, verst\u00e4rkt<br \/>\n&nbsp;&nbsp;&nbsp;&nbsp;&nbsp;&nbsp;&nbsp;unser Team seit November 2020 und belegt zurzeit ein<br \/>\n&nbsp;&nbsp;&nbsp;&nbsp;&nbsp;&nbsp;&nbsp;Master-Bauingenieurstudium an der Universit\u00e4t Kaiserslautern.<br \/>\n&nbsp;&nbsp;&nbsp;&nbsp;&nbsp;&nbsp; Zuvor hatte er erfolgreich eine Lehre als Bauzeichner absolviert.<\/p>\n<p>&nbsp;<\/p>\n","protected":false},"excerpt":{"rendered":"<p>TEAM Wir sind ein Ingenieurb\u00fcro f\u00fcr Tragwerksplanung mit Sitz in Heltersberg, mitten im Pf\u00e4lzer Wald gelegen. Gerne stehen wir Ihnen f\u00fcr Ihr Bauvorhaben zur<\/p>\n","protected":false},"author":1,"featured_media":0,"parent":0,"menu_order":0,"comment_status":"closed","ping_status":"closed","template":"","meta":{"ngg_post_thumbnail":0,"footnotes":""},"class_list":["post-7","page","type-page","status-publish","hentry"],"_links":{"self":[{"href":"https:\/\/lederer-ingenieure.de\/index.php?rest_route=\/wp\/v2\/pages\/7","targetHints":{"allow":["GET"]}}],"collection":[{"href":"https:\/\/lederer-ingenieure.de\/index.php?rest_route=\/wp\/v2\/pages"}],"about":[{"href":"https:\/\/lederer-ingenieure.de\/index.php?rest_route=\/wp\/v2\/types\/page"}],"author":[{"embeddable":true,"href":"https:\/\/lederer-ingenieure.de\/index.php?rest_route=\/wp\/v2\/users\/1"}],"replies":[{"embeddable":true,"href":"https:\/\/lederer-ingenieure.de\/index.php?rest_route=%2Fwp%2Fv2%2Fcomments&post=7"}],"version-history":[{"count":44,"href":"https:\/\/lederer-ingenieure.de\/index.php?rest_route=\/wp\/v2\/pages\/7\/revisions"}],"predecessor-version":[{"id":1890,"href":"https:\/\/lederer-ingenieure.de\/index.php?rest_route=\/wp\/v2\/pages\/7\/revisions\/1890"}],"wp:attachment":[{"href":"https:\/\/lederer-ingenieure.de\/index.php?rest_route=%2Fwp%2Fv2%2Fmedia&parent=7"}],"curies":[{"name":"wp","href":"https:\/\/api.w.org\/{rel}","templated":true}]}}

Über uns

<p><strong>TEAM</strong></p>
<p>Wir sind ein Ingenieurbüro für Tragwerksplanung mit Sitz in Heltersberg, mitten im Pfälzer Wald gelegen. Gerne stehen wir Ihnen für Ihr Bauvorhaben zur Verfügung. Dabei liegen uns eine wirtschaftliche und nachhaltige Realisierung, die Qualität der Planunterlagen, kurze Wege und damit die Zufriedenheit unserer Auftraggeber sehr am Herzen.</p>
<p>&nbsp;</p>
<p><img loading="lazy" decoding="async" class="wp-image-409 alignleft" src="http://lederer-ingenieure.com/wp-content/uploads/2020/02/Frank-1.jpg" alt="" width="151" height="199" srcset="https://lederer-ingenieure.de/wp-content/uploads/2020/02/Frank-1.jpg 544w, https://lederer-ingenieure.de/wp-content/uploads/2020/02/Frank-1-228x300.jpg 228w" sizes="auto, (max-width: 151px) 100vw, 151px" /></p>
<p style="padding-left: 200px;"><strong>Dipl.-Ing. Frank Lederer</strong>, verheiratet und Vater von zwei Kindern, kann mittlerweile<br />
auf über 30 Jahre Berufserfahrung zurückgreifen.</p>
<p style="padding-left: 200px;">Während seiner Tätigkeit in verschiedenen Tragwerkplanungsbüros hat er die<br />
unterschiedlichsten Problemstellungen und Lösungsansätze kennen gelernt.</p>
<p style="padding-left: 200px;">Höchsten Wert legt Frank Lederer auf die eigene Aus- und Weiterbildung und<br />
die seiner Teamkollegen.</p>
<p style="padding-left: 200px;">Dieser Anspruch auf besonders hochwertige Arbeit spiegelt sich auch im<br />
modernen Arbeitsumfeld seines Planungsbüros.</p>
<ul>
<li style="list-style-type: none;">
<ul>
<li style="list-style-type: none;">
<ul>
<li style="list-style-type: none;">
<ul>
<li style="list-style-type: none;">
<ul>
<li style="list-style-type: none;">
<ul>
<li style="list-style-type: none;">
<ul>
<li style="list-style-type: none;">
<ul>
<li style="list-style-type: none;">
<ul>
<li style="list-style-type: none;">
<ul>
<li style="list-style-type: none;">
<ul>
<li style="list-style-type: none;">
<ul>
<li style="list-style-type: none;">
<ul>
<li>geb. 25. Mai 1967 in Kandel</li>
<li>1987 – 1993 Studium an der Universität Karlsruhe mit Schwerpunkt<br />
konstruktiver Ingenieurbau, Abschluss als Diplom-Bauingenieur</li>
<li>1994 – 1999 Tragwerksplaner, AIP Ingenieurgesellschaft mbH</li>
<li>1999 – 2000 Tragwerksplaner, Ingenieurgruppe Bauen, u.a. Prüfung<br />
von Hochbauten</li>
<li>2000 – 2007 Tragwerksplaner, Voss+Kamb und Partner GmbH, Handlungsbevollmächtigter, Aufbau einer Massivbauabteilung</li>
<li>2007 – 2008 Tragwerksplaner, WZ-Ingenieure</li>
<li>2008 Gründung Lederer Ingenieure, Heltersberg</li>
<li>seit 2011 Mitglied der Ingenieurkammer Rheinland-Pfalz</li>
</ul>
</li>
</ul>
</li>
</ul>
</li>
</ul>
</li>
</ul>
</li>
</ul>
</li>
</ul>
</li>
</ul>
</li>
</ul>
</li>
</ul>
</li>
</ul>
</li>
</ul>
</li>
</ul>
<p><strong><img loading="lazy" decoding="async" class=" wp-image-1863 alignleft" src="https://lederer-ingenieure.de/wp-content/uploads/2020/08/Silvia-Burkard-Bastian-200x300.jpg" alt="" width="153" height="230" srcset="https://lederer-ingenieure.de/wp-content/uploads/2020/08/Silvia-Burkard-Bastian-200x300.jpg 200w, https://lederer-ingenieure.de/wp-content/uploads/2020/08/Silvia-Burkard-Bastian-682x1024.jpg 682w, https://lederer-ingenieure.de/wp-content/uploads/2020/08/Silvia-Burkard-Bastian-768x1153.jpg 768w, https://lederer-ingenieure.de/wp-content/uploads/2020/08/Silvia-Burkard-Bastian-1024x1536.jpg 1024w, https://lederer-ingenieure.de/wp-content/uploads/2020/08/Silvia-Burkard-Bastian-1365x2048.jpg 1365w, https://lederer-ingenieure.de/wp-content/uploads/2020/08/Silvia-Burkard-Bastian.jpg 1476w" sizes="auto, (max-width: 153px) 100vw, 153px" /> </strong></p>
<p style="padding-left: 160px; text-align: left;"><strong>&nbsp;&nbsp;&nbsp;&nbsp;&nbsp;&nbsp;&nbsp; Silvia Burkhard-Bastian</strong>, Bauzeichnerin mit langjähriger Berufserfahrung,<br />
&nbsp;&nbsp;&nbsp;&nbsp;&nbsp;&nbsp;&nbsp; erstellt in unserem Büro Schal- und Bewehrungspläne,<br />
&nbsp; &nbsp;&nbsp;&nbsp; &nbsp; Holz -und Stahlbauübersichten und ist kompetente Ansprechpartnerin bei<br />
&nbsp;&nbsp;&nbsp;&nbsp;&nbsp;&nbsp;&nbsp; technischen Fragen zu Konstruktion und Ausführung.</p>
<p>&nbsp;&nbsp;&nbsp; &nbsp; &nbsp; Frau Burkhard-Bastian steht seit 2011 unserem Büro tatkräftig zur Seite.</p>
<p>&nbsp;</p>
<p>&nbsp;</p>
<p>&nbsp;</p>
<p>&nbsp;</p>
<p><strong><img loading="lazy" decoding="async" class=" wp-image-1863 alignleft" src="https://lederer-ingenieure.de/wp-content/uploads/2021/02/Benedikt-240x300.jpg" alt="" width="153" height="191"></strong></p>
<p style="padding-left: 160px; text-align: left;"><strong>&nbsp;&nbsp;&nbsp;&nbsp;&nbsp;&nbsp;&nbsp; B.Sc. Benedikt Sposny</strong>, Bachelor of Science und Werksstudent, verstärkt<br />
&nbsp;&nbsp;&nbsp;&nbsp;&nbsp;&nbsp;&nbsp;unser Team seit November 2020 und belegt zurzeit ein<br />
&nbsp;&nbsp;&nbsp;&nbsp;&nbsp;&nbsp;&nbsp;Master-Bauingenieurstudium an der Universität Kaiserslautern.<br />
&nbsp;&nbsp;&nbsp;&nbsp;&nbsp;&nbsp; Zuvor hatte er erfolgreich eine Lehre als Bauzeichner absolviert.</p>
<p>&nbsp;</p>

<p>TEAM Wir sind ein Ingenieurbüro für Tragwerksplanung mit Sitz in Heltersberg, mitten im Pfälzer Wald gelegen. Gerne stehen wir Ihnen für Ihr Bauvorhaben zur</p>
